 - 3743. Is p composite?
True
Is (-199703)/(-9) + 170/(-765) prime?
True
Let i be 4/12*6 - 5. Is ((-7)/3)/(1/1179*i) a prime number?
False
Let u(x) = 6*x**2 + 1. Let f be u(-1). Suppose -i = -2*n - 0*i - 23, i = -n - f. Is -14 - n - 1485/(-1) prime?
True
Let w be (-8)/(-36) + 25/9. Suppose -w*s + 17 = -16. Let b = s + 1350. Is b composite?
False
Suppose 0 = -10*g - 15995 + 69325. Is g a prime number?
True
Let i(o) = -o**2 - 10*o + 2. Suppose -v = 4*v + 2*j + 13, 3*v = 2*j + 5. Let p(g) = 8*g**3 + g**2 - g - 1. Let u be p(v). Is i(u) a composite number?
False
Let g(t) be the first derivative of -t**4/4 + t**3/3 - 4*t**2 - 6*t - 3. Let k be g(-4). Suppose 5*j + 2*n = 265, 2*j - k = -0*j - n. Is j a composite number?
False
Suppose 93*g = 108*g - 67065. Is g composite?
True
Let q(x) = x + 1296. Let t be q(0). Suppose t = 2*a - a. Suppose 2*y - a + 410 = 0. Is y a prime number?
True
Suppose 25*o = 158374 + 390651. Is o prime?
True
Suppose 7239 = 3*f + 2*a, 2*f - a - 4819 = -0*a. Suppose -2*t + f = -t. Is t a prime number?
True
Let y(l) = -46*l**3 - l**2 + 3*l + 3. Let v be y(-3). Suppose -2*r - 3*r + 20 = 0. Suppose 0 = -r*a + 16, -a + 3*a = 5*j - v. Is j a composite number?
True
Let o be -14*8/32*-2*489. Suppose -4*t = 3*t - o. Is t a composite number?
True
Let u = -1 + 2. Let h be (-36)/(-8)*-8 + (-4)/1. Is u/(-1 + h/(-38)) composite?
False
Let a = -24413 - -43972. Is a composite?
False
Let l be (3 + -1)*5/10. Suppose -l = -4*t + 103. Suppose -2*c = -y + 38, -3*y + 5*c + 92 = -t. Is y prime?
False
Let g(d) = -20077*d + 12. Is g(-1) composite?
False
Is ((-5532)/(-24))/(6/24) a composite number?
True
Let f(z) = -3*z**2 + 5*z - 7. Let n = 19 + -14. Let w(l) = 5*l**2 - 7*l + 10. Let r(u) = n*w(u) + 7*f(u). Is r(-4) prime?
False
Let p(s) = s**3 + 4*s**2 + 3*s + 9. Let b be p(-4). Let a = -41 - 37. Is 0 - ((-4 - b) + a) composite?
False
Let o = 7863 + -13694. Let i = o - -11262. Is i prime?
True
Let s be 2/5 - 941892/(-70). Let a be (-2)/7 - s/(-56). Let k = a + -37. Is k composite?
True
Let c = 26204 - 11953. Is c a prime number?
True
Let h be -3 + (6 + -8)/((-4)/10). Suppose 5*p - 10 = 0, -4*p - 533 = -h*o + o. Is o a prime number?
True
Suppose 0 = -2*h - 4*p - 6, h - 14 + 3 = 5*p. Let z be 0 + h + -4 + 42. Let t = z + 58. Is t a composite number?
False
Suppose 5*b + 60 = -6*c + c, 0 = 4*b + c + 51. Let m(h) = h**3 + 16*h**2 - 10*h - 6. Is m(b) composite?
False
Suppose 8 = 5*y + i, 2*y + i + i = 0. Suppose -y*k + 2*w + 2172 = 0, 4*k - 1942 - 2408 = -2*w. Is k prime?
True
Let n(c) = 16*c**3 + 18 + 6*c - 35 + 16. Is n(3) composite?
False
Suppose -46*r + 50*r - 37108 = 0. Is r a composite number?
False
Let m = 19349 - 11522. Is m composite?
True
Suppose 8 = 3*a + 2*w - 4, -3*a = 5*w - 3. Suppose -8*r + a*r = -2126. Suppose -l - 2*i - r = -2*l, -i = -l + 1059. Is l a prime number?
False
Let s(z) = -14*z + 25. Let g be s(-11). Let b = g - 126. Is b a prime number?
True
Suppose 3*o - 3349 = -i, 0 = -2*i - 4*o + 962 + 5726. Is i a prime number?
False
Suppose 185*t - 183*t = 4*g - 31438, 5*g = t + 39296. Is g composite?
True
Let b(w) = -w**3 - 3*w**2 - 2*w - 4. Let s be b(-3). Suppose 3*h - 2*h - s*i = 325, -4*h = -4*i - 1312. Is h a composite number?
False
Let o = -23 - -16. Let u be o/21 + 4256/6. Suppose 4*k - 783 = u. Is k prime?
True
Let g(j) = j**3 - 2*j**2 - 3*j + 4. Let x be g(3). Suppose 4*h = -f + 5*f - 36, 3*f - 30 = x*h. Suppose -f + 1 = -5*r, -5*i + 4*r = -46. Is i composite?
True
Let j(d) = 610*d - 151. Is j(17) composite?
True
Let c = 170 + -59. Is c prime?
False
Suppose -11 = -4*r + p, 5*r - 32 = 2*r - 4*p. Suppose -r*t + 67 = -161. Is t a composite number?
True
Let d(u) = 4*u**2 + 3*u + 7. Let p(y) = -3*y**2 - 2*y - 7. Let w(x) = 4*d(x) + 5*p(x). Let s(g) = 2*g**2 + 2*g - 8. Let n(r) = 6*s(r) - 7*w(r). Is n(-4) prime?
True
Suppose -12*s + 9*s + 44877 = 0. Is s composite?
True
Suppose -3*o = 6 + 12. Is (-52)/(-39) - 1546/o composite?
True
Let q = 12643 - 6144. Is q composite?
True
Let t = 83 + -80. Suppose t*b = 3*v + 6990, 1 = -2*v - 1. Is b prime?
False
Suppose -4*n + 9167 = -2*m + 3729, m - 5423 = -4*n. Is n a prime number?
False
Let u = 26436 + -11005. Is u composite?
True
Is 7*-1 + (3753 - -9) composite?
True
Suppose 3*g + 5*c = -737, -3*c = 2*c - 10. Let t be ((-1020)/6)/(2 - 1). Let y = t - g. Is y a prime number?
True
Let v(w) = -28*w + 20363. Is v(0) prime?
False
Let s(a) = -4*a**3 - a**2 + a + 1. Let r be s(-1). Is 470 + (r - -1 - 1) composite?
True
Let g be 2 - (-9)/((-27)/(-120)). Let f be 12/g + (-2874)/14. Let x = 416 + f. Is x a composite number?
False
Let i(j) be the third derivative of -j**6/120 - 19*j**5/60 + 17*j**4/24 - 17*j**3/3 + 16*j**2. Is i(-21) prime?
True
Let x = -538 - -1020. Suppose 7*r - x - 57 = 0. Is r a composite number?
True
Is 294270/68 + (-3)/6 a composite number?
False
Let b(t) = -31*t. Let k be b(13). Let a = -114 - k. Is a prime?
False
Let q(o) = 7*o**3 + 6*o**2 - 8*o - 3. Is q(4) a prime number?
True
Suppose -q = u - 6078, 3*u + 4941 - 23177 = -q. Is u a composite number?
False
Let x be (-2)/(-8) + 1051765/44. Is x/63 - ((-4)/7 + 1) prime?
True
Let w(r) = r + 14. Let u be w(-16). Is u/11 + -2 + 57446/22 prime?
True
Suppose 6*m + 28 = 8*m. Let b(k) = -k**2 + 45*k + 11. Is b(m) composite?
True
Let d = -9 - -8. Let p be 2*(d + (-924)/(-8)). Suppose -2*c = 3*m - 2*m - 63, -3*m + p = -4*c. Is m a prime number?
True
Let u = 379 - -558. Is u composite?
False
Suppose -b - 6 + 17 = 0. Suppose 3*x = 4*n + 1143, -8*n + b*n - 745 = -2*x. Is x composite?
True
Let k(m) = -27*m + 7. Let n be k(-5). Let l = 299 - n. Is l composite?
False
Let p(x) = 5 + 11 - 8*x**3 - 4*x - 29. Is p(-6) a composite number?
True
Suppose 10901 = -5*o - 2*q + 48696, -2*o - 4*q + 15102 = 0. Is o composite?
False
Let k(w) = -1189*w**3 + w**2 - w - 2. Is k(-1) prime?
False
Let h(u) = u**2 - u + 2. Let a be 30/(-2) + 3 + -3. Let d = -11 - a. Is h(d) a prime number?
False
Let c = 15201 - 3350. Is c prime?
False
Suppose 5*l - 16*l + 36619 = 0. Is l composite?
False
Let r = 6 - 19. Let q be 1*r*(-6 - -13). Let s = 236 + q. Is s a prime number?
False
Let g = 1965 - 1014. Is g a composite number?
True
Suppose 0 = 4*p + 17 - 1. Is (0 - (-597)/(-12))*p a composite number?
False
Let x = 277 + -450. Let n = x - -244. Is n a composite number?
False
Let i(r) = -617*r - 75. Is i(-8) prime?
True
Suppose 663*j + 543382 = 677*j. Is j prime?
False
Let o(t) = 4*t - 12. Let v be o(2). Is (-2112)/v - (-25)/(-5) a composite number?
False
Let i be (-34)/(-187) - 128/(-22). Let w(x) = -x - 2. Let u be w(2). Is 40/3 - u/i composite?
True
Let t(x) = -409*x + 8. Let o(b) = -4*b**2 - 1. Let d be o(1). Is t(d) a prime number?
True
Suppose 0*g = -g - w - 3, -3*g = -4*w + 2. Let b be (7/(-14))/((-1)/g). Is (-37)/(0 - b/(-5)) a composite number?
True
Let b be (-2 + 12/8)*0. Suppose -k + 3*t + b*t + 1152 = 0, 5*k + 4*t = 5741. Is k a prime number?
False
Suppose c + 37043 = l, 4*l + 4*c - 3*c - 148152 = 0. Is l prime?
True
Let k = 10380 + -4753. Is k a prime number?
False
Let w = -79 + 83. Suppose 1 = w*p - 2523. Is p a composite number?
False
Let q = -130 - -139. Is q prime?
False
Suppose -t - 11 = -3*z, 3*t - 2*z = -7*z + 37. Suppose -a - 357 = -t*a. Is a a prime number?
False
Let u be 4/(-2 - 0)*100/(-25). Suppose -2076 = 4*x - u*x. Is x a prime number?
False
Let b(g) = 8*g**2 + 39*g - 9. Is b(-38) prime?
True
Let z = -24715 - -59298. Is z composite?
False
Suppose v = -p - 3*v + 6, -v + 7 = 3*p. Suppose 0 = -3*x + p*d + 1091, 3*x + 3*d = 1451 - 335. Is x prime?
True
Suppose -7283 = -3*v + 151006. Is v composite?
True
Let u(b) be the first derivative of 25*b**3/3 - 7*b**2/2 + 6*b - 7. Let t be u(5). Is 1/(-2)*(0 - t) a composite number?
True
Suppose 3*i + 9 = 0, 4*k = 4*i + 21 + 3. Is k*(-2 + 3) + 674 a composite number?
False
Suppose h = i - 4*h + 827, -823 = i - 4*h. Let y = i + 1604. Is y a prime number?
True
Let m(f) = 170*f**2 + f - 4. Let r(w) = -w**3 + 9*w**2 - 9*w + 6. Let q be r(8). Is m(q) a prime number?
False
Let u = 10449 - 3860. Let v = u + -1682. Is v prime?
False
Let j = 21008 - -2655. Is j prime?
True
Let q(v) = v**3 - 8*v**2 + 4. Let r = 25 + -17. Let f be q(r). Suppose 8*b = f*b + 1580. Is b prime?
False
Suppose -5 = -2*a - 1. Let w(m) = -82*m + 2. L